{"id":34,"date":"2022-11-04T10:59:27","date_gmt":"2022-11-04T08:59:27","guid":{"rendered":"https:\/\/outdoormedia.fi\/?page_id=34"},"modified":"2022-11-04T10:59:27","modified_gmt":"2022-11-04T08:59:27","slug":"vastuuvapauslauseke","status":"publish","type":"page","link":"https:\/\/outdoormedia.fi\/?page_id=34","title":{"rendered":"Vastuuvapauslauseke"},"content":{"rendered":"\n<p>Outdoormedia Oy:n www-sivujen k\u00e4ytt\u00f6\u00e4 koskeva ilmoitus<\/p>\n\n\n\n<p>Avaamalla Outdoor Media Oy:n www-sivut sitoudut noudattamaan n\u00e4it\u00e4 k\u00e4ytt\u00f6ehtoja. Sivujen k\u00e4ytt\u00f6 ei ole sallittua, mik\u00e4li et hyv\u00e4ksy n\u00e4it\u00e4 k\u00e4ytt\u00f6ehtoja.<\/p>\n\n\n\n<p>Kaikki Outdor Media Oy:n www-sivustojen sis\u00e4lt\u00e4m\u00e4 tieto on yleist\u00e4 informaatiota. Outdoor Media Oy voi muuttaa sen sis\u00e4lt\u00f6\u00e4 milloin tahansa ilman ennakkoilmoitusta.<\/p>\n\n\n\n<p>Outdoor Media Oy:n www\u2013sivut sis\u00e4lt\u00e4v\u00e4t tekij\u00e4noikeudellisesti suojattua aineistoa. Kaikki oikeudet, jota ei nimenomaisesti my\u00f6nnet\u00e4 n\u00e4iss\u00e4 k\u00e4ytt\u00f6ehdoissa, pid\u00e4tet\u00e4\u00e4n. Sivujen sis\u00e4ll\u00f6n tai sen osan kopioiminen siirt\u00e4minen, jakelu tai tallentaminen miss\u00e4 muodossa tahansa on kielletty ilman Outdoor Media Oy:n etuk\u00e4teist\u00e4 kirjallista suostumusta, n\u00e4iss\u00e4 k\u00e4ytt\u00f6ehdoissa mainittuja poikkeuksia lukuun ottamatta. Outdor Media Oy:n www-sivuja saa katsella ja tarkastella tietokoneella (tai vastaavalla laitteella) sek\u00e4 tulostaa osia niist\u00e4 k\u00e4ytt\u00e4j\u00e4n omaa, henkil\u00f6kohtaista k\u00e4ytt\u00f6\u00e4 varten.<\/p>\n\n\n\n<p>Sivujen sis\u00e4ll\u00f6n osittainenkin jakeleminen on kielletty\u00e4 ilman Outdoor Media Oy:n erillist\u00e4 kirjallista suostumusta. Outdoor Media Oy:n www\u2013sivujen sis\u00e4lt\u00e4miin yksityisiin asiakirjoihin voi liitty\u00e4 erillisi\u00e4 k\u00e4ytt\u00f6ehtoja, jolloin n\u00e4ihin asiakirjoihin sovelletaan lis\u00e4ksi t\u00e4llaisia erityisi\u00e4 ehtoja.<\/p>\n\n\n\n<p>Sivujen ja niiden sis\u00e4lt\u00e4mien tietojen k\u00e4ytt\u00f6 yksityiseen, ei kaupalliseen tarkoitukseen, on sallittua. Lehdist\u00f6tiedotteiden ja muiden julkiseksi tarkoitettujen asiakirjojen k\u00e4ytt\u00f6 julkiseen tiedonv\u00e4litykseen on sallittu sill\u00e4 edellytyksell\u00e4, ett\u00e4 tiedon l\u00e4hde mainitaan sit\u00e4 k\u00e4ytett\u00e4ess\u00e4.<\/p>\n\n\n\n<p>Outdoor Media Oy:n www-sivut ja niiden sis\u00e4lt\u00f6 on Outdoor Media Oy:n sivujen k\u00e4ytt\u00e4jille tarjoama palvelu. Outdoor Media Oy:n www-sivut toimitetaan sellaisena kuin ne ovat. Outdoor Media Oy ei takaa sit\u00e4, ett\u00e4 sivuja voidaan k\u00e4ytt\u00e4\u00e4 keskeytyksett\u00e4 tai virheett\u00f6m\u00e4sti.<\/p>\n\n\n\n<p>Outdoor Media Oy pid\u00e4tt\u00e4\u00e4 itselleen oikeuden tehd\u00e4 sivuille muutoksia tai rajoittaa niille p\u00e4\u00e4sy\u00e4 milloin tahansa. Outdoor Media Oy ei anna mit\u00e4\u00e4n takuuta sivujen saatavuudesta, virheett\u00f6myydest\u00e4, luotettavuudesta tai sis\u00e4ll\u00f6st\u00e4 eik\u00e4 sis\u00e4ll\u00f6n soveltumisesta kaupank\u00e4ynnin kohteeksi tai johonkin tiettyyn tarkoitukseen.<\/p>\n\n\n\n<p>Outdoor Media Oy ei ole vastuussa mist\u00e4\u00e4n sivuilla tarjoamansa palvelun tai sen keskeytymisen aiheuttamista suorista, ep\u00e4suorista, satunnaisista, erityisist\u00e4 tai v\u00e4lillisist\u00e4 vahingoista, liikevoiton menetyksist\u00e4 tai liiketoiminnan keskeytyksest\u00e4, vaikka t\u00e4llaisen vahingon mahdollisuudesta olisi ilmoitettu Outdoor Media Oy:lle. Outdoor Media Oy:n vastuu on enint\u00e4\u00e4n Suomen lain pakottavien s\u00e4\u00e4nn\u00f6sten mukainen.<\/p>\n\n\n\n<p>Outdoor Media Oy ei ole vastuussa mist\u00e4\u00e4n kolmannen osapuolen sivujen sis\u00e4lt\u00e4m\u00e4st\u00e4 aineistosta. Outdoor Media Oy:n ulkopuolisen, kolmannen osapuolen linkin sis\u00e4ltyminen Outdoor Media Oy:n sivuille ei my\u00f6sk\u00e4\u00e4n viittaa siihen, ett\u00e4 Outdoor Media Oy mill\u00e4\u00e4n lailla kannattaisi, mainostaisi tai promovoisi kyseisi\u00e4 sivuja tai niill\u00e4 mainittuja tuotteita tai palveluita.<\/p>\n\n\n\n<p>L\u00e4hett\u00e4m\u00e4ll\u00e4 materiaalia jollekin palvelimistamme esimerkiksi s\u00e4hk\u00f6postitse tai Outdoor Media Oy:n www-sivuston v\u00e4lityksell\u00e4 hyv\u00e4ksyt ja vahvistat sen, ett\u00e4 (a) l\u00e4hett\u00e4m\u00e4si aineisto ei ole laitonta tai muuten julkaistavaksi kelpaamatonta; (b) ennen l\u00e4hett\u00e4mist\u00e4 olet k\u00e4ytt\u00e4nyt kohtuullisia varotoimia l\u00f6yt\u00e4\u00e4ksesi ja poistaaksesi aineiston mahdollisesti sis\u00e4lt\u00e4m\u00e4t virukset ja muut ep\u00e4puhtaat tai tuhottavat ominaisuudet; ja (c) aineisto on sinun omaasi tai sinulla on rajoitukseton oikeus antaa se Outdoor Media Oy:lle, ja ett\u00e4 Outdoor Media Oy voi julkaista aineiston maksutta ja\/tai sis\u00e4llytt\u00e4\u00e4 aineiston tai sen sis\u00e4lt\u00e4m\u00e4n osan omiin tuotteisiinsa ilman vastuu- tai maksuvelvollisuutta; ja (d) et esit\u00e4 l\u00e4hett\u00e4m\u00e4\u00e4si aineistoon perustuvia vaateita Outdoor Media Oy:t\u00e4 kohtaan ja sitoudut hyvitt\u00e4m\u00e4\u00e4n Outdoor Media Oy:n kulut, jotka sille mahdollisesti syntyv\u00e4t toimenpiteist\u00e4, joihin kolmas osapuoli ryhtyy l\u00e4hett\u00e4m\u00e4si aineiston johdosta.<\/p>\n\n\n\n<p>Outdoor Media Oy ei tarkista sivujensa k\u00e4ytt\u00e4jien l\u00e4hett\u00e4m\u00e4n aineiston sis\u00e4lt\u00f6\u00e4 eik\u00e4 ole siit\u00e4 vastuussa. Outdoor Media Oy voi harkintansa mukaan milloin tahansa poistaa k\u00e4ytt\u00e4jien l\u00e4hett\u00e4m\u00e4n aineiston sivuiltaan.<\/p>\n\n\n\n<p>Outdoor Media Oy ja sen tuotteiden nimet ovat Outdoor Media Oy:n tavaramerkkej\u00e4 tai rekister\u00f6ityj\u00e4 tavaramerkkej\u00e4. Muut sivuillamme mainitut nimet voivat olla haltijoidensa suojattuja tunnuksia. P\u00e4\u00e4sy\u00e4 sivuillemme ei voi ep\u00e4suorasti tai muuten tulkita mink\u00e4\u00e4n sivuilla esiintyv\u00e4n merkin lisenssi- tai muun k\u00e4ytt\u00f6oikeuden my\u00f6nt\u00e4miseksi ilman Outdoor Media Oy:n tai kolmannen osapuolen etuk\u00e4teist\u00e4 kirjallista suostumusta.<\/p>\n\n\n\n<p>Copyright \u00a9 Outdoor Media Oy 2014. Kaikki oikeudet pid\u00e4tet\u00e4\u00e4n.<\/p>\n","protected":false},"excerpt":{"rendered":"<p>Outdoormedia Oy:n www-sivujen k\u00e4ytt\u00f6\u00e4 koskeva ilmoitus Avaamalla Outdoor Media Oy:n www-sivut sitoudut noudattamaan n\u00e4it\u00e4 k\u00e4ytt\u00f6ehtoja. Sivujen k\u00e4ytt\u00f6 ei ole sallittua, mik\u00e4li et hyv\u00e4ksy n\u00e4it\u00e4 k\u00e4ytt\u00f6ehtoja. Kaikki Outdor Media Oy:n www-sivustojen sis\u00e4lt\u00e4m\u00e4 tieto on yleist\u00e4 informaatiota. Outdoor Media Oy voi muuttaa sen sis\u00e4lt\u00f6\u00e4 milloin tahansa ilman ennakkoilmoitusta. Outdoor Media Oy:n www\u2013sivut sis\u00e4lt\u00e4v\u00e4t tekij\u00e4noikeudellisesti suojattua aineistoa. Kaikki [&hellip;]<\/p>\n","protected":false},"author":1,"featured_media":0,"parent":0,"menu_order":0,"comment_status":"closed","ping_status":"closed","template":"","meta":[],"acf":[],"_links":{"self":[{"href":"https:\/\/outdoormedia.fi\/index.php?rest_route=\/wp\/v2\/pages\/34"}],"collection":[{"href":"https:\/\/outdoormedia.fi\/index.php?rest_route=\/wp\/v2\/pages"}],"about":[{"href":"https:\/\/outdoormedia.fi\/index.php?rest_route=\/wp\/v2\/types\/page"}],"author":[{"embeddable":true,"href":"https:\/\/outdoormedia.fi\/index.php?rest_route=\/wp\/v2\/users\/1"}],"replies":[{"embeddable":true,"href":"https:\/\/outdoormedia.fi\/index.php?rest_route=%2Fwp%2Fv2%2Fcomments&post=34"}],"version-history":[{"count":0,"href":"https:\/\/outdoormedia.fi\/index.php?rest_route=\/wp\/v2\/pages\/34\/revisions"}],"wp:attachment":[{"href":"https:\/\/outdoormedia.fi\/index.php?rest_route=%2Fwp%2Fv2%2Fmedia&parent=34"}],"curies":[{"name":"wp","href":"https:\/\/api.w.org\/{rel}","templated":true}]}}